{"id":2,"date":"2024-06-09T01:03:33","date_gmt":"2024-06-09T04:03:33","guid":{"rendered":"http:\/\/chargerpro.com.br\/?page_id=2"},"modified":"2024-06-09T02:42:02","modified_gmt":"2024-06-09T05:42:02","slug":"pagina-exemplo","status":"publish","type":"page","link":"http:\/\/chargerpro.com.br\/","title":{"rendered":"Charger PRO"},"content":{"rendered":"\t\t<div data-elementor-type=\"wp-page\" data-elementor-id=\"2\" class=\"elementor elementor-2\">\n\t\t\t\t<div class=\"elementor-element elementor-element-1afc752 elementor-hidden-mobile e-flex e-con-boxed e-con e-parent\" data-id=\"1afc752\" data-element_type=\"container\" data-settings=\"{&quot;background_background&quot;:&quot;classic&quot;}\">\n\t\t\t\t\t<div class=\"e-con-inner\">\n\t\t<div class=\"elementor-element elementor-element-14e409e e-con-full e-flex e-con e-child\" data-id=\"14e409e\" data-element_type=\"container\">\n\t\t\t\t<div class=\"elementor-element elementor-element-f8fab3a elementor-widget elementor-widget-image\" data-id=\"f8fab3a\" data-element_type=\"widget\" data-widget_type=\"image.default\">\n\t\t\t\t<div class=\"elementor-widget-container\">\n\t\t\t<style>\/*! elementor - v3.21.0 - 26-05-2024 *\/\n.elementor-widget-image{text-align:center}.elementor-widget-image a{display:inline-block}.elementor-widget-image a img[src$=\".svg\"]{width:48px}.elementor-widget-image img{vertical-align:middle;display:inline-block}<\/style>\t\t\t\t\t\t\t\t\t\t<img fetchpriority=\"high\" decoding=\"async\" width=\"448\" height=\"202\" src=\"http:\/\/chargerpro.com.br\/wp-content\/uploads\/2024\/06\/Logo.png\" class=\"attachment-large size-large wp-image-14\" alt=\"\" srcset=\"http:\/\/chargerpro.com.br\/wp-content\/uploads\/2024\/06\/Logo.png 448w, http:\/\/chargerpro.com.br\/wp-content\/uploads\/2024\/06\/Logo-300x135.png 300w\" sizes=\"(max-width: 448px) 100vw, 448px\" \/>\t\t\t\t\t\t\t\t\t\t\t\t\t<\/div>\n\t\t\t\t<\/div>\n\t\t\t\t<div class=\"elementor-element elementor-element-dca2e1c elementor-widget__width-initial elementor-widget elementor-widget-heading\" data-id=\"dca2e1c\" data-element_type=\"widget\" data-widget_type=\"heading.default\">\n\t\t\t\t<div class=\"elementor-widget-container\">\n\t\t\t<style>\/*! elementor - v3.21.0 - 26-05-2024 *\/\n.elementor-heading-title{padding:0;margin:0;line-height:1}.elementor-widget-heading .elementor-heading-title[class*=elementor-size-]>a{color:inherit;font-size:inherit;line-height:inherit}.elementor-widget-heading .elementor-heading-title.elementor-size-small{font-size:15px}.elementor-widget-heading .elementor-heading-title.elementor-size-medium{font-size:19px}.elementor-widget-heading .elementor-heading-title.elementor-size-large{font-size:29px}.elementor-widget-heading .elementor-heading-title.elementor-size-xl{font-size:39px}.elementor-widget-heading .elementor-heading-title.elementor-size-xxl{font-size:59px}<\/style><h2 class=\"elementor-heading-title elementor-size-default\">MOVA-SE COM\nSUSTENTABILIDADE<\/h2>\t\t<\/div>\n\t\t\t\t<\/div>\n\t\t\t\t<div class=\"elementor-element elementor-element-bfe0b81 elementor-widget elementor-widget-text-editor\" data-id=\"bfe0b81\" data-element_type=\"widget\" data-widget_type=\"text-editor.default\">\n\t\t\t\t<div class=\"elementor-widget-container\">\n\t\t\t<style>\/*! elementor - v3.21.0 - 26-05-2024 *\/\n.elementor-widget-text-editor.elementor-drop-cap-view-stacked .elementor-drop-cap{background-color:#69727d;color:#fff}.elementor-widget-text-editor.elementor-drop-cap-view-framed .elementor-drop-cap{color:#69727d;border:3px solid;background-color:transparent}.elementor-widget-text-editor:not(.elementor-drop-cap-view-default) .elementor-drop-cap{margin-top:8px}.elementor-widget-text-editor:not(.elementor-drop-cap-view-default) .elementor-drop-cap-letter{width:1em;height:1em}.elementor-widget-text-editor .elementor-drop-cap{float:left;text-align:center;line-height:1;font-size:50px}.elementor-widget-text-editor .elementor-drop-cap-letter{display:inline-block}<\/style>\t\t\t\t<p>Venda e loca\u00e7\u00e3o de carregador veicular.<\/p>\t\t\t\t\t\t<\/div>\n\t\t\t\t<\/div>\n\t\t\t\t<div class=\"elementor-element elementor-element-4815c94 elementor-align-left elementor-widget elementor-widget-button\" data-id=\"4815c94\" data-element_type=\"widget\" data-widget_type=\"button.default\">\n\t\t\t\t<div class=\"elementor-widget-container\">\n\t\t\t\t\t<div class=\"elementor-button-wrapper\">\n\t\t\t<a class=\"elementor-button elementor-button-link elementor-size-sm\" href=\"#saiba\">\n\t\t\t\t\t\t<span class=\"elementor-button-content-wrapper\">\n\t\t\t\t\t\t\t\t\t<span class=\"elementor-button-text\">CONHE\u00c7A<\/span>\n\t\t\t\t\t<\/span>\n\t\t\t\t\t<\/a>\n\t\t<\/div>\n\t\t\t\t<\/div>\n\t\t\t\t<\/div>\n\t\t\t\t<\/div>\n\t\t<div class=\"elementor-element elementor-element-7998aae e-con-full e-flex e-con e-child\" data-id=\"7998aae\" data-element_type=\"container\">\n\t\t\t\t<\/div>\n\t\t\t\t\t<\/div>\n\t\t\t\t<\/div>\n\t\t<div class=\"elementor-element elementor-element-f562d68 elementor-hidden-desktop elementor-hidden-tablet e-flex e-con-boxed e-con e-parent\" data-id=\"f562d68\" data-element_type=\"container\" data-settings=\"{&quot;background_background&quot;:&quot;gradient&quot;}\">\n\t\t\t\t\t<div class=\"e-con-inner\">\n\t\t<div class=\"elementor-element elementor-element-c9c0bdd e-con-full e-flex e-con e-child\" data-id=\"c9c0bdd\" data-element_type=\"container\">\n\t\t\t\t<div class=\"elementor-element elementor-element-aadf8d2 elementor-widget elementor-widget-image\" data-id=\"aadf8d2\" data-element_type=\"widget\" data-widget_type=\"image.default\">\n\t\t\t\t<div class=\"elementor-widget-container\">\n\t\t\t\t\t\t\t\t\t\t\t\t\t<img fetchpriority=\"high\" decoding=\"async\" width=\"448\" height=\"202\" src=\"http:\/\/chargerpro.com.br\/wp-content\/uploads\/2024\/06\/Logo.png\" class=\"attachment-large size-large wp-image-14\" alt=\"\" srcset=\"http:\/\/chargerpro.com.br\/wp-content\/uploads\/2024\/06\/Logo.png 448w, http:\/\/chargerpro.com.br\/wp-content\/uploads\/2024\/06\/Logo-300x135.png 300w\" sizes=\"(max-width: 448px) 100vw, 448px\" \/>\t\t\t\t\t\t\t\t\t\t\t\t\t<\/div>\n\t\t\t\t<\/div>\n\t\t\t\t<div class=\"elementor-element elementor-element-a69053c elementor-widget elementor-widget-image\" data-id=\"a69053c\" data-element_type=\"widget\" data-widget_type=\"image.default\">\n\t\t\t\t<div class=\"elementor-widget-container\">\n\t\t\t\t\t\t\t\t\t\t\t\t\t<img decoding=\"async\" width=\"872\" height=\"799\" src=\"http:\/\/chargerpro.com.br\/wp-content\/uploads\/2024\/06\/MOBILE.png\" class=\"attachment-large size-large wp-image-36\" alt=\"\" srcset=\"http:\/\/chargerpro.com.br\/wp-content\/uploads\/2024\/06\/MOBILE.png 872w, http:\/\/chargerpro.com.br\/wp-content\/uploads\/2024\/06\/MOBILE-300x275.png 300w, http:\/\/chargerpro.com.br\/wp-content\/uploads\/2024\/06\/MOBILE-768x704.png 768w\" sizes=\"(max-width: 872px) 100vw, 872px\" \/>\t\t\t\t\t\t\t\t\t\t\t\t\t<\/div>\n\t\t\t\t<\/div>\n\t\t\t\t<div class=\"elementor-element elementor-element-33cf32a elementor-widget__width-initial elementor-widget-mobile__width-inherit elementor-widget elementor-widget-heading\" data-id=\"33cf32a\" data-element_type=\"widget\" data-widget_type=\"heading.default\">\n\t\t\t\t<div class=\"elementor-widget-container\">\n\t\t\t<h2 class=\"elementor-heading-title elementor-size-default\">MOVA-SE COM\nSUSTENTABILIDADE<\/h2>\t\t<\/div>\n\t\t\t\t<\/div>\n\t\t\t\t<div class=\"elementor-element elementor-element-ff985cc elementor-widget-mobile__width-initial elementor-widget elementor-widget-text-editor\" data-id=\"ff985cc\" data-element_type=\"widget\" data-widget_type=\"text-editor.default\">\n\t\t\t\t<div class=\"elementor-widget-container\">\n\t\t\t\t\t\t\t<p>Venda e loca\u00e7\u00e3o de carregador veicular.<\/p>\t\t\t\t\t\t<\/div>\n\t\t\t\t<\/div>\n\t\t\t\t<div class=\"elementor-element elementor-element-3d1dc1e elementor-align-left elementor-mobile-align-center elementor-widget elementor-widget-button\" data-id=\"3d1dc1e\" data-element_type=\"widget\" data-widget_type=\"button.default\">\n\t\t\t\t<div class=\"elementor-widget-container\">\n\t\t\t\t\t<div class=\"elementor-button-wrapper\">\n\t\t\t<a class=\"elementor-button elementor-button-link elementor-size-sm\" href=\"#saiba\">\n\t\t\t\t\t\t<span class=\"elementor-button-content-wrapper\">\n\t\t\t\t\t\t\t\t\t<span class=\"elementor-button-text\">CONHE\u00c7A<\/span>\n\t\t\t\t\t<\/span>\n\t\t\t\t\t<\/a>\n\t\t<\/div>\n\t\t\t\t<\/div>\n\t\t\t\t<\/div>\n\t\t\t\t<\/div>\n\t\t\t\t\t<\/div>\n\t\t\t\t<\/div>\n\t\t<div class=\"elementor-element elementor-element-f2dcd2b e-flex e-con-boxed e-con e-parent\" data-id=\"f2dcd2b\" data-element_type=\"container\" id=\"saiba\" data-settings=\"{&quot;background_background&quot;:&quot;classic&quot;}\">\n\t\t\t\t\t<div class=\"e-con-inner\">\n\t\t<div class=\"elementor-element elementor-element-94bfb57 e-con-full e-flex e-con e-child\" data-id=\"94bfb57\" data-element_type=\"container\">\n\t\t\t\t<div class=\"elementor-element elementor-element-360b219 elementor-widget elementor-widget-image\" data-id=\"360b219\" data-element_type=\"widget\" data-widget_type=\"image.default\">\n\t\t\t\t<div class=\"elementor-widget-container\">\n\t\t\t\t\t\t\t\t\t\t\t\t\t<img decoding=\"async\" width=\"1000\" height=\"985\" src=\"http:\/\/chargerpro.com.br\/wp-content\/uploads\/2024\/06\/Imagem.png\" class=\"attachment-large size-large wp-image-12\" alt=\"\" srcset=\"http:\/\/chargerpro.com.br\/wp-content\/uploads\/2024\/06\/Imagem.png 1000w, http:\/\/chargerpro.com.br\/wp-content\/uploads\/2024\/06\/Imagem-300x296.png 300w, http:\/\/chargerpro.com.br\/wp-content\/uploads\/2024\/06\/Imagem-768x756.png 768w\" sizes=\"(max-width: 1000px) 100vw, 1000px\" \/>\t\t\t\t\t\t\t\t\t\t\t\t\t<\/div>\n\t\t\t\t<\/div>\n\t\t\t\t<\/div>\n\t\t<div class=\"elementor-element elementor-element-f2019d2 e-con-full e-flex e-con e-child\" data-id=\"f2019d2\" data-element_type=\"container\">\n\t\t\t\t<div class=\"elementor-element elementor-element-aa00653 elementor-widget__width-initial elementor-widget-mobile__width-inherit elementor-widget elementor-widget-text-editor\" data-id=\"aa00653\" data-element_type=\"widget\" data-widget_type=\"text-editor.default\">\n\t\t\t\t<div class=\"elementor-widget-container\">\n\t\t\t\t\t\t\t<p>A Charger Pr\u00f3 \u00e9 uma inovadora no setor de carregamento de ve\u00edculos el\u00e9tricos, oferecendo solu\u00e7\u00f5es pr\u00e1ticas e sustent\u00e1veis. Nossa tecnologia avan\u00e7ada inclui carregadores modernos, sistemas de seguran\u00e7a robustos, e um aplicativo pr\u00f3prio para gerenciamento eficiente das esta\u00e7\u00f5es.<br \/><br \/><strong>Comprometida com a sustentabilidade e com a conveni\u00eancia dos usu\u00e1rios, a Charger Pr\u00f3 prop\u00f5e parcerias estrat\u00e9gicas e planos de loca\u00e7\u00e3o flex\u00edveis, garantindo uma experi\u00eancia superior de carregamento para um futuro mais verde.<\/strong><\/p>\t\t\t\t\t\t<\/div>\n\t\t\t\t<\/div>\n\t\t\t\t<\/div>\n\t\t\t\t\t<\/div>\n\t\t\t\t<\/div>\n\t\t<div class=\"elementor-element elementor-element-6727371 elementor-hidden-desktop elementor-hidden-tablet e-flex e-con-boxed e-con e-parent\" data-id=\"6727371\" data-element_type=\"container\" data-settings=\"{&quot;background_background&quot;:&quot;classic&quot;}\">\n\t\t\t\t\t<div class=\"e-con-inner\">\n\t\t<div class=\"elementor-element elementor-element-dd4bb99 e-grid e-con-boxed e-con e-child\" data-id=\"dd4bb99\" data-element_type=\"container\">\n\t\t\t\t\t<div class=\"e-con-inner\">\n\t\t\t\t<div class=\"elementor-element elementor-element-8afc5d9 elementor-widget elementor-widget-icon-box\" data-id=\"8afc5d9\" data-element_type=\"widget\" data-widget_type=\"icon-box.default\">\n\t\t\t\t<div class=\"elementor-widget-container\">\n\t\t\t<link rel=\"stylesheet\" href=\"http:\/\/chargerpro.com.br\/wp-content\/plugins\/elementor\/assets\/css\/widget-icon-box.min.css\">\t\t<div class=\"elementor-icon-box-wrapper\">\n\n\t\t\t\n\t\t\t\t\t\t<div class=\"elementor-icon-box-content\">\n\n\t\t\t\t\t\t\t\t\t<h3 class=\"elementor-icon-box-title\">\n\t\t\t\t\t\t<span  >\n\t\t\t\t\t\t\tTecnologia Avan\u00e7ada\t\t\t\t\t\t<\/span>\n\t\t\t\t\t<\/h3>\n\t\t\t\t\n\t\t\t\t\t\t\t\t\t<p class=\"elementor-icon-box-description\">\n\t\t\t\t\t\tCarregadores de alta efici\u00eancia com tecnologia de ponta para garantir um carregamento r\u00e1pido e seguro.\t\t\t\t\t<\/p>\n\t\t\t\t\n\t\t\t<\/div>\n\t\t\t\n\t\t<\/div>\n\t\t\t\t<\/div>\n\t\t\t\t<\/div>\n\t\t\t\t<div class=\"elementor-element elementor-element-f34c0d9 elementor-widget elementor-widget-icon-box\" data-id=\"f34c0d9\" data-element_type=\"widget\" data-widget_type=\"icon-box.default\">\n\t\t\t\t<div class=\"elementor-widget-container\">\n\t\t\t\t\t<div class=\"elementor-icon-box-wrapper\">\n\n\t\t\t\n\t\t\t\t\t\t<div class=\"elementor-icon-box-content\">\n\n\t\t\t\t\t\t\t\t\t<h3 class=\"elementor-icon-box-title\">\n\t\t\t\t\t\t<span  >\n\t\t\t\t\t\t\tF\u00e1cil Instala\u00e7\u00e3o e Manuten\u00e7\u00e3o\t\t\t\t\t\t<\/span>\n\t\t\t\t\t<\/h3>\n\t\t\t\t\n\t\t\t\t\t\t\t\t\t<p class=\"elementor-icon-box-description\">\n\t\t\t\t\t\tEquipamento projetados para f\u00e1cil instala\u00e7\u00e3o e baixa manuten\u00e7\u00e3o, minimizando custos operacionais\t\t\t\t\t<\/p>\n\t\t\t\t\n\t\t\t<\/div>\n\t\t\t\n\t\t<\/div>\n\t\t\t\t<\/div>\n\t\t\t\t<\/div>\n\t\t\t\t<div class=\"elementor-element elementor-element-ed9eecb elementor-widget elementor-widget-icon-box\" data-id=\"ed9eecb\" data-element_type=\"widget\" data-widget_type=\"icon-box.default\">\n\t\t\t\t<div class=\"elementor-widget-container\">\n\t\t\t\t\t<div class=\"elementor-icon-box-wrapper\">\n\n\t\t\t\n\t\t\t\t\t\t<div class=\"elementor-icon-box-content\">\n\n\t\t\t\t\t\t\t\t\t<h3 class=\"elementor-icon-box-title\">\n\t\t\t\t\t\t<span  >\n\t\t\t\t\t\t\tSuporte T\u00e9cnico Dedicado\t\t\t\t\t\t<\/span>\n\t\t\t\t\t<\/h3>\n\t\t\t\t\n\t\t\t\t\t\t\t\t\t<p class=\"elementor-icon-box-description\">\n\t\t\t\t\t\tEquipe t\u00e9cnica especializada dispon\u00edvel para suporte e manuten\u00e7\u00e3o, garantido a m\u00e1xima efici\u00eancia dos carregadores.\t\t\t\t\t<\/p>\n\t\t\t\t\n\t\t\t<\/div>\n\t\t\t\n\t\t<\/div>\n\t\t\t\t<\/div>\n\t\t\t\t<\/div>\n\t\t\t\t<div class=\"elementor-element elementor-element-793e071 elementor-widget elementor-widget-icon-box\" data-id=\"793e071\" data-element_type=\"widget\" data-widget_type=\"icon-box.default\">\n\t\t\t\t<div class=\"elementor-widget-container\">\n\t\t\t\t\t<div class=\"elementor-icon-box-wrapper\">\n\n\t\t\t\n\t\t\t\t\t\t<div class=\"elementor-icon-box-content\">\n\n\t\t\t\t\t\t\t\t\t<h3 class=\"elementor-icon-box-title\">\n\t\t\t\t\t\t<span  >\n\t\t\t\t\t\t\tCustomiza\u00e7\u00e3o\t\t\t\t\t\t<\/span>\n\t\t\t\t\t<\/h3>\n\t\t\t\t\n\t\t\t\t\t\t\t\t\t<p class=\"elementor-icon-box-description\">\n\t\t\t\t\t\tSolu\u00e7\u00f5es personalizadas para atender \u00e0s necessidades espec\u00edficas do seu estabelecimento ou condom\u00ednio.\t\t\t\t\t<\/p>\n\t\t\t\t\n\t\t\t<\/div>\n\t\t\t\n\t\t<\/div>\n\t\t\t\t<\/div>\n\t\t\t\t<\/div>\n\t\t\t\t\t<\/div>\n\t\t\t\t<\/div>\n\t\t\t\t\t<\/div>\n\t\t\t\t<\/div>\n\t\t<div class=\"elementor-element elementor-element-267ed4a elementor-hidden-mobile e-flex e-con-boxed e-con e-parent\" data-id=\"267ed4a\" data-element_type=\"container\" data-settings=\"{&quot;background_background&quot;:&quot;classic&quot;}\">\n\t\t\t\t\t<div class=\"e-con-inner\">\n\t\t<div class=\"elementor-element elementor-element-c2a90b4 e-grid e-con-boxed e-con e-child\" data-id=\"c2a90b4\" data-element_type=\"container\">\n\t\t\t\t\t<div class=\"e-con-inner\">\n\t\t\t\t<div class=\"elementor-element elementor-element-5b15e37 elementor-widget elementor-widget-icon-box\" data-id=\"5b15e37\" data-element_type=\"widget\" data-widget_type=\"icon-box.default\">\n\t\t\t\t<div class=\"elementor-widget-container\">\n\t\t\t\t\t<div class=\"elementor-icon-box-wrapper\">\n\n\t\t\t\n\t\t\t\t\t\t<div class=\"elementor-icon-box-content\">\n\n\t\t\t\t\t\t\t\t\t<h3 class=\"elementor-icon-box-title\">\n\t\t\t\t\t\t<span  >\n\t\t\t\t\t\t\tTecnologia Avan\u00e7ada\t\t\t\t\t\t<\/span>\n\t\t\t\t\t<\/h3>\n\t\t\t\t\n\t\t\t\t\t\t\t\t\t<p class=\"elementor-icon-box-description\">\n\t\t\t\t\t\tCarregadores de alta efici\u00eancia com tecnologia de ponta<br>para garantir um carregamento r\u00e1pido e seguro.\t\t\t\t\t<\/p>\n\t\t\t\t\n\t\t\t<\/div>\n\t\t\t\n\t\t<\/div>\n\t\t\t\t<\/div>\n\t\t\t\t<\/div>\n\t\t\t\t<div class=\"elementor-element elementor-element-dbf49e8 elementor-widget elementor-widget-icon-box\" data-id=\"dbf49e8\" data-element_type=\"widget\" data-widget_type=\"icon-box.default\">\n\t\t\t\t<div class=\"elementor-widget-container\">\n\t\t\t\t\t<div class=\"elementor-icon-box-wrapper\">\n\n\t\t\t\n\t\t\t\t\t\t<div class=\"elementor-icon-box-content\">\n\n\t\t\t\t\t\t\t\t\t<h3 class=\"elementor-icon-box-title\">\n\t\t\t\t\t\t<span  >\n\t\t\t\t\t\t\tF\u00e1cil Instala\u00e7\u00e3o e Manuten\u00e7\u00e3o\t\t\t\t\t\t<\/span>\n\t\t\t\t\t<\/h3>\n\t\t\t\t\n\t\t\t\t\t\t\t\t\t<p class=\"elementor-icon-box-description\">\n\t\t\t\t\t\tEquipamento projetados para f\u00e1cil instala\u00e7\u00e3o e baixa manuten\u00e7\u00e3o,<BR>minimizando custos operacionais\t\t\t\t\t<\/p>\n\t\t\t\t\n\t\t\t<\/div>\n\t\t\t\n\t\t<\/div>\n\t\t\t\t<\/div>\n\t\t\t\t<\/div>\n\t\t\t\t<div class=\"elementor-element elementor-element-47f6358 elementor-widget elementor-widget-icon-box\" data-id=\"47f6358\" data-element_type=\"widget\" data-widget_type=\"icon-box.default\">\n\t\t\t\t<div class=\"elementor-widget-container\">\n\t\t\t\t\t<div class=\"elementor-icon-box-wrapper\">\n\n\t\t\t\n\t\t\t\t\t\t<div class=\"elementor-icon-box-content\">\n\n\t\t\t\t\t\t\t\t\t<h3 class=\"elementor-icon-box-title\">\n\t\t\t\t\t\t<span  >\n\t\t\t\t\t\t\tSuporte T\u00e9cnico Dedicado\t\t\t\t\t\t<\/span>\n\t\t\t\t\t<\/h3>\n\t\t\t\t\n\t\t\t\t\t\t\t\t\t<p class=\"elementor-icon-box-description\">\n\t\t\t\t\t\tEquipe t\u00e9cnica especializada dispon\u00edvel para suporte e<br>manuten\u00e7\u00e3o, garantido a m\u00e1xima efici\u00eancia dos carregadores.\t\t\t\t\t<\/p>\n\t\t\t\t\n\t\t\t<\/div>\n\t\t\t\n\t\t<\/div>\n\t\t\t\t<\/div>\n\t\t\t\t<\/div>\n\t\t\t\t<div class=\"elementor-element elementor-element-2ff6576 elementor-widget elementor-widget-icon-box\" data-id=\"2ff6576\" data-element_type=\"widget\" data-widget_type=\"icon-box.default\">\n\t\t\t\t<div class=\"elementor-widget-container\">\n\t\t\t\t\t<div class=\"elementor-icon-box-wrapper\">\n\n\t\t\t\n\t\t\t\t\t\t<div class=\"elementor-icon-box-content\">\n\n\t\t\t\t\t\t\t\t\t<h3 class=\"elementor-icon-box-title\">\n\t\t\t\t\t\t<span  >\n\t\t\t\t\t\t\tCustomiza\u00e7\u00e3o\t\t\t\t\t\t<\/span>\n\t\t\t\t\t<\/h3>\n\t\t\t\t\n\t\t\t\t\t\t\t\t\t<p class=\"elementor-icon-box-description\">\n\t\t\t\t\t\tSolu\u00e7\u00f5es personalizadas para atender \u00e0s necessidades<br>espec\u00edficas do seu estabelecimento ou condom\u00ednio.\t\t\t\t\t<\/p>\n\t\t\t\t\n\t\t\t<\/div>\n\t\t\t\n\t\t<\/div>\n\t\t\t\t<\/div>\n\t\t\t\t<\/div>\n\t\t\t\t\t<\/div>\n\t\t\t\t<\/div>\n\t\t\t\t\t<\/div>\n\t\t\t\t<\/div>\n\t\t<div class=\"elementor-element elementor-element-d1cd997 e-flex e-con-boxed e-con e-parent\" data-id=\"d1cd997\" data-element_type=\"container\" data-settings=\"{&quot;background_background&quot;:&quot;classic&quot;}\">\n\t\t\t\t\t<div class=\"e-con-inner\">\n\t\t\t\t<div class=\"elementor-element elementor-element-71b9d51 elementor-widget elementor-widget-heading\" data-id=\"71b9d51\" data-element_type=\"widget\" data-widget_type=\"heading.default\">\n\t\t\t\t<div class=\"elementor-widget-container\">\n\t\t\t<h2 class=\"elementor-heading-title elementor-size-default\">ENTRE EM CONTATO<\/h2>\t\t<\/div>\n\t\t\t\t<\/div>\n\t\t\t\t<div class=\"elementor-element elementor-element-0de1e8f elementor-align-center elementor-widget elementor-widget-button\" data-id=\"0de1e8f\" data-element_type=\"widget\" data-widget_type=\"button.default\">\n\t\t\t\t<div class=\"elementor-widget-container\">\n\t\t\t\t\t<div class=\"elementor-button-wrapper\">\n\t\t\t<a class=\"elementor-button elementor-button-link elementor-size-sm\" href=\"#\">\n\t\t\t\t\t\t<span class=\"elementor-button-content-wrapper\">\n\t\t\t\t\t\t<span class=\"elementor-button-icon elementor-align-icon-left\">\n\t\t\t\t<svg xmlns=\"http:\/\/www.w3.org\/2000\/svg\" width=\"42\" height=\"42\" viewBox=\"0 0 42 42\" fill=\"none\"><path d=\"M33.3375 8.59248C31.7331 6.97185 29.8221 5.6869 27.7159 4.81257C25.6097 3.93824 23.3504 3.49204 21.07 3.49998C11.515 3.49998 3.72749 11.2875 3.72749 20.8425C3.72749 23.905 4.53249 26.88 6.03749 29.505L3.58749 38.5L12.775 36.085C15.3125 37.4675 18.165 38.2025 21.07 38.2025C30.625 38.2025 38.4125 30.415 38.4125 20.86C38.4125 16.2225 36.61 11.865 33.3375 8.59248ZM21.07 35.2625C18.48 35.2625 15.9425 34.5625 13.72 33.25L13.195 32.935L7.73499 34.37L9.18749 29.05L8.83749 28.5075C7.39855 26.2097 6.63449 23.5537 6.63249 20.8425C6.63249 12.8975 13.1075 6.42248 21.0525 6.42248C24.9025 6.42248 28.525 7.92748 31.2375 10.6575C32.5806 11.9944 33.645 13.5846 34.3689 15.336C35.0929 17.0873 35.4621 18.9649 35.455 20.86C35.49 28.805 29.015 35.2625 21.07 35.2625ZM28.98 24.4825C28.5425 24.2725 26.4075 23.2225 26.0225 23.065C25.62 22.925 25.34 22.855 25.0425 23.275C24.745 23.7125 23.9225 24.6925 23.6775 24.9725C23.4325 25.27 23.17 25.305 22.7325 25.0775C22.295 24.8675 20.895 24.395 19.25 22.925C17.955 21.77 17.0975 20.3525 16.835 19.915C16.59 19.4775 16.8 19.25 17.0275 19.0225C17.22 18.83 17.465 18.515 17.675 18.27C17.885 18.025 17.9725 17.8325 18.1125 17.5525C18.2525 17.255 18.1825 17.01 18.0775 16.8C17.9725 16.59 17.0975 14.455 16.7475 13.58C16.3975 12.74 16.03 12.845 15.7675 12.8275H14.9275C14.63 12.8275 14.175 12.9325 13.7725 13.37C13.3875 13.8075 12.2675 14.8575 12.2675 16.9925C12.2675 19.1275 13.825 21.1925 14.035 21.4725C14.245 21.77 17.0975 26.145 21.4375 28.0175C22.47 28.4725 23.275 28.735 23.905 28.9275C24.9375 29.26 25.8825 29.2075 26.635 29.1025C27.475 28.98 29.2075 28.0525 29.5575 27.0375C29.925 26.0225 29.925 25.165 29.8025 24.9725C29.68 24.78 29.4175 24.6925 28.98 24.4825Z\" fill=\"#3DCD5E\"><\/path><\/svg>\t\t\t<\/span>\n\t\t\t\t\t\t\t\t\t<span class=\"elementor-button-text\"> (67) 99963-5885<\/span>\n\t\t\t\t\t<\/span>\n\t\t\t\t\t<\/a>\n\t\t<\/div>\n\t\t\t\t<\/div>\n\t\t\t\t<\/div>\n\t\t\t\t<div class=\"elementor-element elementor-element-a314653 elementor-widget elementor-widget-image\" data-id=\"a314653\" data-element_type=\"widget\" data-widget_type=\"image.default\">\n\t\t\t\t<div class=\"elementor-widget-container\">\n\t\t\t\t\t\t\t\t\t\t\t\t\t<img loading=\"lazy\" decoding=\"async\" width=\"681\" height=\"365\" src=\"http:\/\/chargerpro.com.br\/wp-content\/uploads\/2024\/06\/Logo-Rodape.png\" class=\"attachment-large size-large wp-image-13\" alt=\"\" srcset=\"http:\/\/chargerpro.com.br\/wp-content\/uploads\/2024\/06\/Logo-Rodape.png 681w, http:\/\/chargerpro.com.br\/wp-content\/uploads\/2024\/06\/Logo-Rodape-300x161.png 300w\" sizes=\"(max-width: 681px) 100vw, 681px\" \/>\t\t\t\t\t\t\t\t\t\t\t\t\t<\/div>\n\t\t\t\t<\/div>\n\t\t\t\t<div class=\"elementor-element elementor-element-49dba4d elementor-widget-mobile__width-initial elementor-widget elementor-widget-heading\" data-id=\"49dba4d\" data-element_type=\"widget\" data-widget_type=\"heading.default\">\n\t\t\t\t<div class=\"elementor-widget-container\">\n\t\t\t<h2 class=\"elementor-heading-title elementor-size-default\">Rua Professor At\u00edlio Innocenti, 474\nConjunto 511, Vila Nova Concei\u00e7\u00e3o (SP) <\/h2>\t\t<\/div>\n\t\t\t\t<\/div>\n\t\t\t\t\t<\/div>\n\t\t\t\t<\/div>\n\t\t\t\t<\/div>\n\t\t","protected":false},"excerpt":{"rendered":"<p>MOVA-SE COM SUSTENTABILIDADE Venda e loca\u00e7\u00e3o de carregador veicular. CONHE\u00c7A MOVA-SE COM SUSTENTABILIDADE Venda e loca\u00e7\u00e3o de carregador veicular. CONHE\u00c7A A Charger Pr\u00f3 \u00e9 uma inovadora no setor de carregamento de ve\u00edculos el\u00e9tricos, oferecendo solu\u00e7\u00f5es pr\u00e1ticas e sustent\u00e1veis. Nossa tecnologia avan\u00e7ada inclui carregadores modernos, sistemas de seguran\u00e7a robustos, e um aplicativo pr\u00f3prio para gerenciamento eficiente [&hellip;]<\/p>\n","protected":false},"author":1,"featured_media":0,"parent":0,"menu_order":0,"comment_status":"closed","ping_status":"open","template":"elementor_canvas","meta":{"footnotes":""},"_links":{"self":[{"href":"http:\/\/chargerpro.com.br\/index.php?rest_route=\/wp\/v2\/pages\/2"}],"collection":[{"href":"http:\/\/chargerpro.com.br\/index.php?rest_route=\/wp\/v2\/pages"}],"about":[{"href":"http:\/\/chargerpro.com.br\/index.php?rest_route=\/wp\/v2\/types\/page"}],"author":[{"embeddable":true,"href":"http:\/\/chargerpro.com.br\/index.php?rest_route=\/wp\/v2\/users\/1"}],"replies":[{"embeddable":true,"href":"http:\/\/chargerpro.com.br\/index.php?rest_route=%2Fwp%2Fv2%2Fcomments&post=2"}],"version-history":[{"count":18,"href":"http:\/\/chargerpro.com.br\/index.php?rest_route=\/wp\/v2\/pages\/2\/revisions"}],"predecessor-version":[{"id":39,"href":"http:\/\/chargerpro.com.br\/index.php?rest_route=\/wp\/v2\/pages\/2\/revisions\/39"}],"wp:attachment":[{"href":"http:\/\/chargerpro.com.br\/index.php?rest_route=%2Fwp%2Fv2%2Fmedia&parent=2"}],"curies":[{"name":"wp","href":"https:\/\/api.w.org\/{rel}","templated":true}]}}